{"version":"1.0","provider_name":"Assodifesa","provider_url":"https:\/\/convenzioni.cralnetwork.it\/assodifesa","author_name":"grafica","author_url":"https:\/\/convenzioni.cralnetwork.it\/assodifesa\/author\/grafica\/","title":"Dott. Simone Cappelletti - Medico Legale - Assodifesa","type":"rich","width":600,"height":338,"html":"<blockquote class=\"wp-embedded-content\" data-secret=\"jYpBp3zA3V\"><a href=\"https:\/\/convenzioni.cralnetwork.it\/assodifesa\/prodotto\/dott-simone-cappelletti-medico-legale\/\">Dott. Simone Cappelletti &#8211; Medico Legale<\/a><\/blockquote><iframe sandbox=\"allow-scripts\" security=\"restricted\" src=\"https:\/\/convenzioni.cralnetwork.it\/assodifesa\/prodotto\/dott-simone-cappelletti-medico-legale\/embed\/#?secret=jYpBp3zA3V\" width=\"600\" height=\"338\" title=\"&#8220;Dott. Simone Cappelletti &#8211; Medico Legale&#8221; &#8212; Assodifesa\" data-secret=\"jYpBp3zA3V\" frameborder=\"0\" marginwidth=\"0\" marginheight=\"0\" scrolling=\"no\" class=\"wp-embedded-content\"><\/iframe><script type=\"text\/javascript\">\n\/* <![CDATA[ *\/\n\/*! This file is auto-generated *\/\n!function(d,l){\"use strict\";l.querySelector&&d.addEventListener&&\"undefined\"!=typeof URL&&(d.wp=d.wp||{},d.wp.receiveEmbedMessage||(d.wp.receiveEmbedMessage=function(e){var t=e.data;if((t||t.secret||t.message||t.value)&&!\/[^a-zA-Z0-9]\/.test(t.secret)){for(var s,r,n,a=l.querySelectorAll('iframe[data-secret=\"'+t.secret+'\"]'),o=l.querySelectorAll('blockquote[data-secret=\"'+t.secret+'\"]'),c=new RegExp(\"^https?:$\",\"i\"),i=0;i<o.length;i++)o[i].style.display=\"none\";for(i=0;i<a.length;i++)s=a[i],e.source===s.contentWindow&&(s.removeAttribute(\"style\"),\"height\"===t.message?(1e3<(r=parseInt(t.value,10))?r=1e3:~~r<200&&(r=200),s.height=r):\"link\"===t.message&&(r=new URL(s.getAttribute(\"src\")),n=new URL(t.value),c.test(n.protocol))&&n.host===r.host&&l.activeElement===s&&(d.top.location.href=t.value))}},d.addEventListener(\"message\",d.wp.receiveEmbedMessage,!1),l.addEventListener(\"DOMContentLoaded\",function(){for(var e,t,s=l.querySelectorAll(\"iframe.wp-embedded-content\"),r=0;r<s.length;r++)(t=(e=s[r]).getAttribute(\"data-secret\"))||(t=Math.random().toString(36).substring(2,12),e.src+=\"#?secret=\"+t,e.setAttribute(\"data-secret\",t)),e.contentWindow.postMessage({message:\"ready\",secret:t},\"*\")},!1)))}(window,document);\n\/* ]]> *\/\n<\/script>\n","thumbnail_url":"https:\/\/convenzioni.cralnetwork.it\/assodifesa\/wp-content\/uploads\/sites\/45\/2025\/01\/logo_Simone-Cappelletti.jpg","thumbnail_width":300,"thumbnail_height":300,"description":"Responsabilit\u00e0 professionale medica Invalidit\u00e0 civile e handicap (Lg 104\/92) Polizza infortuni e malattia Cause di servizio e Pensionistica Privilegiata Idoneit\u00e0 al servizio per militari e forze di Polizia Idoneit\u00e0 al servizio per il Pubblico Impiego Infortunistica stradale Assistenza ad autopsie  Specializzato in Medicina Legale con il massimo dei voti presso l\u2019Universit\u00e0 di Roma - La Sapienza, dove ha conseguito anche il dottorato di ricerca in medicina legale, \u00e8 dirigente medico della Polizia di Stato presso la Questura di Firenze dove esercita in qualit\u00e0 di medico legale con particolare riferimento alle idoneit\u00e0 al servizio per il Pubblico Impiego e alla valutazione delle cause di servizio e di pensionistica privilegiata per il comparto difesa. Membro, con successivi incarichi di presidente di commissione per le cause di servizio e pensionistica privilegiata per Esercito, Guardia di Finanza e Polizia Penitenziaria, nonch\u00e9 per l\u2019idoneit\u00e0 al servizio del Pubblico Impiego per la Regione Toscana presso la Commissione Medica di Verifica (CMV) di Firenze.. Il Dott. Cappelletti vanta una specifica competenza in tema di responsabilit\u00e0 professionale medica e ha maturato una grande esperienza nell'assistenza e consulenza del cliente in ogni grado di giudizio civile e penale.  Medicina Legale, Responsabilit\u00e0 professionale medica, Invalidit\u00e0 civile, Polizza infortuni e malattia, Infortunistica stradale, medico legale, medici legali, assistenza sanitaria legale, consulenza sanitaria legale,  Medicina Legale a Firenze , Responsabilit\u00e0 professionale medica a Firenze, Invalidit\u00e0 civile a Firenze, Polizza infortuni e malattia a Firenze, Infortunistica stradale a Firenze, medico legale a Firenze, medici legali a Firenze, assistenza sanitaria legale a Firenze, consulenza sanitaria legale a Firenze,"}

Responsabilità professionale medica Invalidità civile e handicap (Lg 104/92) Polizza infortuni e malattia Cause di servizio e Pensionistica Privilegiata Idoneità al servizio per militari e forze di Polizia Idoneità al servizio per il Pubblico Impiego Infortunistica stradale Assistenza ad autopsie  Specializzato in Medicina Legale con il massimo dei voti presso l’Università di Roma - La Sapienza, dove ha conseguito anche il dottorato di ricerca in medicina legale, è dirigente medico della Polizia di Stato presso la Questura di Firenze dove esercita in qualità di medico legale con particolare riferimento alle idoneità al servizio per il Pubblico Impiego e alla valutazione delle cause di servizio e di pensionistica privilegiata per il comparto difesa. Membro, con successivi incarichi di presidente di commissione per le cause di servizio e pensionistica privilegiata per Esercito, Guardia di Finanza e Polizia Penitenziaria, nonché per l’idoneità al servizio del Pubblico Impiego per la Regione Toscana presso la Commissione Medica di Verifica (CMV) di Firenze.. Il Dott. Cappelletti vanta una specifica competenza in tema di responsabilità professionale medica e ha maturato una grande esperienza nell'assistenza e consulenza del cliente in ogni grado di giudizio civile e penale.  Medicina Legale, Responsabilità professionale medica, Invalidità civile, Polizza infortuni e malattia, Infortunistica stradale, medico legale, medici legali, assistenza sanitaria legale, consulenza sanitaria legale,  Medicina Legale a Firenze , Responsabilità professionale medica a Firenze, Invalidità civile a Firenze, Polizza infortuni e malattia a Firenze, Infortunistica stradale a Firenze, medico legale a Firenze, medici legali a Firenze, assistenza sanitaria legale a Firenze, consulenza sanitaria legale a Firenze,
